{"id":19,"date":"2019-07-14T08:08:04","date_gmt":"2019-07-14T08:08:04","guid":{"rendered":"http:\/\/www.tuomaiset.net\/sukuyhdistys_uusi\/?page_id=19"},"modified":"2025-09-08T09:21:30","modified_gmt":"2025-09-08T09:21:30","slug":"hallitus","status":"publish","type":"page","link":"http:\/\/www.tuomaiset.net\/sukuyhdistys\/hallitus\/","title":{"rendered":"Hallitus"},"content":{"rendered":"\n<p>Tuomaisten sukuyhdistys ry:n k\u00e4yt\u00e4nn\u00f6n toiminnasta vastaa hallitus: <\/p>\n\n\n\n<figure class=\"wp-block-table is-style-stripes\"><table class=\"has-fixed-layout\"><tbody><tr><td><strong>Puheenjohtaja<\/strong><br>Irene Laitinen (os. Tuomainen)<\/td><td><strong>Varapj.\/tiedottaja<\/strong><br>Soilikki Savolainen<\/td><\/tr><tr><td><strong>Sihteeri<\/strong><br>Tuula Tuomainen<\/td><td><strong>J\u00e4sen<\/strong><br>Jaana Puolatie<\/td><\/tr><tr><td><strong>J\u00e4sen<\/strong><br>Juhani Tuomainen <\/td><td><strong>J\u00e4sen<\/strong><br>Voitto Tuomainen<\/td><\/tr><tr><td><strong>Varaj\u00e4sen<\/strong><br>Pekka Tuomainen<\/td><td><strong>Varaj\u00e4sen\/sukurekisteri<\/strong><br>Riina Ryyn\u00e4nen<\/td><\/tr><\/tbody><\/table><\/figure>\n\n\n\n<p><\/p>\n","protected":false},"excerpt":{"rendered":"<p>Tuomaisten sukuyhdistys ry:n k\u00e4yt\u00e4nn\u00f6n toiminnasta vastaa hallitus: PuheenjohtajaIrene Laitinen (os. Tuomainen) Varapj.\/tiedottajaSoilikki Savolainen SihteeriTuula Tuomainen J\u00e4senJaana Puolatie J\u00e4senJuhani Tuomainen J\u00e4senVoitto Tuomainen Varaj\u00e4senPekka Tuomainen Varaj\u00e4sen\/sukurekisteriRiina Ryyn\u00e4nen<\/p>\n","protected":false},"author":1,"featured_media":0,"parent":0,"menu_order":0,"comment_status":"closed","ping_status":"closed","template":"","meta":{"footnotes":""},"class_list":["post-19","page","type-page","status-publish"],"_links":{"self":[{"href":"http:\/\/www.tuomaiset.net\/sukuyhdistys\/wp-json\/wp\/v2\/pages\/19","targetHints":{"allow":["GET"]}}],"collection":[{"href":"http:\/\/www.tuomaiset.net\/sukuyhdistys\/wp-json\/wp\/v2\/pages"}],"about":[{"href":"http:\/\/www.tuomaiset.net\/sukuyhdistys\/wp-json\/wp\/v2\/types\/page"}],"author":[{"embeddable":true,"href":"http:\/\/www.tuomaiset.net\/sukuyhdistys\/wp-json\/wp\/v2\/users\/1"}],"replies":[{"embeddable":true,"href":"http:\/\/www.tuomaiset.net\/sukuyhdistys\/wp-json\/wp\/v2\/comments?post=19"}],"version-history":[{"count":22,"href":"http:\/\/www.tuomaiset.net\/sukuyhdistys\/wp-json\/wp\/v2\/pages\/19\/revisions"}],"predecessor-version":[{"id":325,"href":"http:\/\/www.tuomaiset.net\/sukuyhdistys\/wp-json\/wp\/v2\/pages\/19\/revisions\/325"}],"wp:attachment":[{"href":"http:\/\/www.tuomaiset.net\/sukuyhdistys\/wp-json\/wp\/v2\/media?parent=19"}],"curies":[{"name":"wp","href":"https:\/\/api.w.org\/{rel}","templated":true}]}}

<p>Tuomaisten sukuyhdistys ry:n käytännön toiminnasta vastaa hallitus: </p>



<figure class="wp-block-table is-style-stripes"><table class="has-fixed-layout"><tbody><tr><td><strong>Puheenjohtaja</strong><br>Irene Laitinen (os. Tuomainen)</td><td><strong>Varapj./tiedottaja</strong><br>Soilikki Savolainen</td></tr><tr><td><strong>Sihteeri</strong><br>Tuula Tuomainen</td><td><strong>Jäsen</strong><br>Jaana Puolatie</td></tr><tr><td><strong>Jäsen</strong><br>Juhani Tuomainen </td><td><strong>Jäsen</strong><br>Voitto Tuomainen</td></tr><tr><td><strong>Varajäsen</strong><br>Pekka Tuomainen</td><td><strong>Varajäsen/sukurekisteri</strong><br>Riina Ryynänen</td></tr></tbody></table></figure>



<p></p>

<p>Tuomaisten sukuyhdistys ry:n käytännön toiminnasta vastaa hallitus: PuheenjohtajaIrene Laitinen (os. Tuomainen) Varapj./tiedottajaSoilikki Savolainen SihteeriTuula Tuomainen JäsenJaana Puolatie JäsenJuhani Tuomainen JäsenVoitto Tuomainen VarajäsenPekka Tuomainen Varajäsen/sukurekisteriRiina Ryynänen</p>
